3 composite?
False
Is 68707 composite?
True
Is 2270767 composite?
True
Is 10969 composite?
True
Is 6131 a composite number?
False
Is 16489 a prime number?
False
Is 246443 prime?
False
Is 11657 a composite number?
False
Is 83211 prime?
False
Is 2863 prime?
False
Is 10077 a composite number?
True
Is 397 a composite number?
False
Is 106531 a composite number?
False
Is 323311 a composite number?
True
Is 243197 a composite number?
False
Is 64054 a prime number?
False
Is 1653007 composite?
False
Is 1333567 a composite number?
False
Is 1073 a prime number?
False
Is 6407 prime?
False
Is 2237 a composite number?
False
Is 866051 a composite number?
False
Is 31085 a composite number?
True
Is 19157 prime?
True
Is 270769 composite?
True
Is 468659 composite?
True
Is 17585 composite?
True
Is 216941 a composite number?
True
Is 26173 composite?
True
Is 13649 a prime number?
True
Is 2058263 prime?
False
Is 12899 a composite number?
False
Is 135257 prime?
True
Is 19997 prime?
True
Is 205391 prime?
True
Is 99451 a composite number?
True
Is 11797 a prime number?
False
Is 3953 a prime number?
False
Is 898417 a composite number?
True
Is 15791 composite?
False
Is 34519 composite?
False
Is 59159 a prime number?
True
Is 20719 a composite number?
False
Is 1502065 prime?
False
Is 33479 composite?
False
Is 486757 prime?
True
Is 890159 a composite number?
False
Is 21881 a prime number?
True
Is 3989 a prime number?
True
Is 11027 a prime number?
True
Is 131609 a composite number?
True
Is 1270897 a prime number?
True
Is 4538455 a prime number?
False
Is 8609 composite?
False
Is 38447 composite?
False
Is 112843 prime?
True
Is 10831 a composite number?
False
Is 7183 composite?
True
Is 13807 a prime number?
True
Is 739 a composite number?
False
Is 43661 composite?
False
Is 339 prime?
False
Is 962737 prime?
True
Is 14233 composite?
True
Is 1788023 a prime number?
True
Is 32713 a prime number?
True
Is 4119 prime?
False
Is 4849 a composite number?
True
Is 33559 a composite number?
True
Is 90053 composite?
False
Is 118381 prime?
False
Is 1006067 prime?
False
Is 356361 a prime number?
False
Is 9931 prime?
True
Is 94071 composite?
True
Is 519931 a prime number?
True
Is 7151 prime?
True
Is 9793 a prime number?
False
Is 52157 a composite number?
True
Is 98849 a composite number?
False
Is 60317 a prime number?
True
Is 15893 prime?
False
Is 148663 prime?
True
Is 211271 a prime number?
True
Is 1502671 a composite number?
True
Is 10513 a composite number?
False
Is 73141 a composite number?
False
Is 219363 composite?
True
Is 33431 prime?
False
Is 64219 a prime number?
False
Is 195373 a composite number?
True
Is 469337 a composite number?
True
Is 24169 prime?
True
Is 28343 a prime number?
False
Is 199931 a prime number?
True
Is 19387 a composite number?
False
Is 15611 prime?
False
Is 548753 composite?
False
Is 7187 a prime number?
True
Is 27311 composite?
True
Is 163133 composite?
True
Is 314807 a composite number?
False
Is 8465 a prime number?
False
Is 1191 composite?
True
Is 7283 a composite number?
False
Is 43117 a composite number?
False
Is 513977 a prime number?
True
Is 859549 prime?
False
Is 16723 prime?
False
Is 2100583 a composite number?
True
Is 1849 prime?
False
Is 10007 composite?
False
Is 10541 composite?
True
Is 279074 prime?
False
Is 72671 a composite number?
False
Is 1508383 a composite number?
False
Is 13543 composite?
True
Is 838 a composite number?
True
Is 23357 a composite number?
False
Is 439723 a composite number?
False
Is 635 prime?
False
Is 18943 a composite number?
True
Is 180227 prime?
False
Is 243269 a prime number?
False
Is 654673 prime?
False
Is 440689 a composite number?
True
Is 2489 a composite number?
True
Is 12199 prime?
False
Is 19801 prime?
True
Is 98167 a composite number?
True
Is 41941 a composite number?
False
Is 1172155 prime?
False
Is 1851391 a composite number?
False
Is 11027 a composite number?
False
Is 2573869 a composite number?
False
Is 2819 a prime number?
True
Is 2219 a prime number?
False
Is 260301 prime?
False
Is 687167 composite?
True
Is 1693037 composite?
True
Is 8419 prime?
True
Is 16637 a prime number?
False
Is 992741 a prime number?
False
Is 95045 a prime number?
False
Is 112469 prime?
False
Is 2041 a prime number?
False
Is 37187 prime?
False
Is 122069 prime?
True
Is 20027 a prime number?
False
Is 471023 a composite number?
True
Is 3947 composite?
False
Is 54251 composite?
False
Is 4121 a composite number?
True
Is 294731 a prime number?
True
Is 1291 a prime number?
True
Is 670807 composite?
True
Is 396973 a prime number?
False
Is 1931 a prime number?
True
Is 7834 composite?
True
Is 9511 a composite number?
False
Is 30103 a prime number?
True
Is 1654607 a prime number?
False
Is 948839 prime?
True
Is 132357 a composite number?
True
Is 681271 a prime number?
True
Is 43157 composite?
True
Is 35761 composite?
True
Is 237 composite?
True
Is 4499 prime?
False
Is 1139357 a composite number?
True
Is 1017277 composite?
False
Is 15229 a composite number?
True
Is 1368985 a prime number?
False
Is 2188729 prime?
True
Is 138581 composite?
False
Is 3079 prime?
True
Is 871949 a prime number?
False
Is 1849693 composite?
True
Is 101933 a prime number?
False
Is 106 a prime number?
False
Is 33107 a composite number?
False
Is 25103 prime?
False
Is 39329 prime?
False
Is 26387 composite?
False
Is 36209 a prime number?
True
Is 99223 a composite number?
False
Is 223 a composite number?
False
Is 7493 composite?
True
Is 71458 prime?
False
Is 14699 composite?
False
Is 75011 a composite number?
False
Is 15101 a prime number?
True
Is 106087 composite?
False
Is 30817 a prime number?
True
Is 1819957 prime?
True
Is 300145 a composite number?
True
Is 359 prime?
True
Is 38414 a composite number?
True
Is 32773 prime?
False
Is 26989 a composite number?
True
Is 73497 prime?
False
Is 5207 a prime number?
False
Is 25841 prime?
True
Is 431711 a prime number?
False
Is 378535 a composite number?
True
Is 3120437 prime?
True
Is 977111 a prime number?
False
Is 1058633 prime?
False
Is 38113 prime?
True
Is 108583 composite?
True
Is 2767 composite?
False
Is 1399 a prime number?
True
Is 48563 prime?
True
Is 9469 a prime number?
False
Is 173521 prime?
False
Is 228037 a prime number?
False
Is 35566 prime?
False
Is 737771 a prime number?
False
Is 103919 a composite number?
False
Is 10513 prime?
True
Is 358 a prime number?
False
Is 12781 a composite number?
False
Is 30341 prime?
True
Is 262705 prime?
False
Is 33827 composite?
False
Is 64401 composite?
True
Is 703 a composite number?
True
Is 9921 composite?
True
Is 11863 prime?
True
Is 228863 prime?
False
Is 5205269 prime?
True
Is 11213 a prime number?
True
Is 345317 prime?
False
Is 99823 a prime number?
True
Is 81071 composite?
False
Is 83023 composite?
False
Is 300961 a prime number?
True
Is 182009 composite?
False
Is 173581 a prime number?
False
Is 4263469 composite?
True
Is 98977 prime?
False
Is 29347 a prime number?
True
Is 4873 a prime number?
False
Is 158243 a prime number?
True
Is 87083 a composite number?
False
Is 15529 a prime number?
False
Is 10133 a prime number?
True
Is 328979 prime?
False
Is 6637 a composite number?
False
Is 180679 a composite number?
False
Is 1122215 prime?
False
Is 21961 a composite number?
False
Is 119285 composite?
True
Is 2161 prime?
True
Is 34319 prime?
True
Is 464549 prime?
True
Is 4571 a prime number?
False
Is 37885 prime?
False
Is 5509 a composite number?
True
Is 819821 a composite number?
True
Is 1233091 a composite number?
True
Is 156397 prime?
False
Is 136601 a prime number?
True
Is 21961 a composite number?
False
Is 471389 a composite number?
False
Is 314473 a composite number?
True
Is 28349 a prime number?
True
Is 41963 a composite number?
True
Is 26551 a prime number?
False
Is 8663 composite?
False
Is 1711741 a composite number?
True
Is 319645 prime?
False
Is 12689 composite?
False
Is 5309 a composite number?
False
Is 106823 a prime number?
True
Is 338659 composite?
False
Is 36899 a prime number?
True
Is 31471 a prime number?
False
Is 283837 prime?
True
Is 563467 a prime number?
True
Is 52447 a prime number?
False
Is 26293 composite?
False
Is 121201 prime?
False
Is 6609 a prime number?
False
Is 28961 a prime number?
True
Is 1657 a composite number?
False
Is 19739 prime?
True
Is 25547 prime?
False